{"id":873,"date":"2025-02-01T15:53:16","date_gmt":"2025-02-01T15:53:16","guid":{"rendered":"https:\/\/www.kreujlife.pl\/?page_id=873"},"modified":"2025-02-01T15:56:02","modified_gmt":"2025-02-01T15:56:02","slug":"twoja-opinia-o-figurkach","status":"publish","type":"page","link":"https:\/\/www.kreujlife.pl\/index.php\/twoja-opinia-o-figurkach\/","title":{"rendered":"Twoja opinia o Figurkach"},"content":{"rendered":"\n<p>Dzi\u0119kuj\u0119, \u017ce mog\u0142am dla Ciebie stworzy\u0107 Tw\u00f3j Unikatowy zestaw Figurek do pracy z lud\u017ami w Ustawieniach Hellingerowskich. <\/p>\n\n\n\n<p class=\"has-text-align-center has-vivid-green-cyan-color has-text-color has-link-color has-medium-font-size wp-elements-0afdb2dc0fe3064114f1652e2a1fccaa\"><strong>Dla mnie to bardzo wyj\u0105tkowy czas.<\/strong><\/p>\n\n\n\n<p>B\u0119dzie mi ogromnie mi\u0142o, jak zostawisz komentarz, jak si\u0119 Tobie i Twoim klientom na nich pracuje.<\/p>\n\n\n\n<p class=\"has-text-align-center\"> Jakie s\u0105? Co dla Ciebie znacz\u0105? Jak z Tob\u0105 wsp\u00f3\u0142pracuj\u0105?<\/p>\n\n\n\n<p class=\"has-text-align-right\">Dzi\u0119kuj\u0119&lt;3<\/p>\n\n\n\n<figure class=\"wp-block-image size-full\"><img loading=\"lazy\" decoding=\"async\" width=\"1923\" height=\"2560\" src=\"https:\/\/www.kreujlife.pl\/wp-content\/uploads\/2024\/04\/IMG_20240412_144636-scaled.jpg\" alt=\"Figurki do Ustawie\u0144 Hellingerowskich\" class=\"wp-image-613\" srcset=\"https:\/\/www.kreujlife.pl\/wp-content\/uploads\/2024\/04\/IMG_20240412_144636-scaled.jpg 1923w, https:\/\/www.kreujlife.pl\/wp-content\/uploads\/2024\/04\/IMG_20240412_144636-225x300.jpg 225w, https:\/\/www.kreujlife.pl\/wp-content\/uploads\/2024\/04\/IMG_20240412_144636-769x1024.jpg 769w, https:\/\/www.kreujlife.pl\/wp-content\/uploads\/2024\/04\/IMG_20240412_144636-768x1022.jpg 768w, https:\/\/www.kreujlife.pl\/wp-content\/uploads\/2024\/04\/IMG_20240412_144636-1154x1536.jpg 1154w, https:\/\/www.kreujlife.pl\/wp-content\/uploads\/2024\/04\/IMG_20240412_144636-1538x2048.jpg 1538w, https:\/\/www.kreujlife.pl\/wp-content\/uploads\/2024\/04\/IMG_20240412_144636-45x60.jpg 45w\" sizes=\"auto, (max-width: 1923px) 100vw, 1923px\" \/><figcaption class=\"wp-element-caption\">Figurki do Ustawie\u0144 Hellingerowskich<\/figcaption><\/figure>\n\n\n\t<div id=\"respond\" class=\"comment-respond wp-block-post-comments-form\">\n\t\t<h3 id=\"reply-title\" class=\"comment-reply-title\">Dodaj komentarz <small><a rel=\"nofollow\" id=\"cancel-comment-reply-link\" href=\"\/index.php\/wp-json\/wp\/v2\/pages\/873#respond\" style=\"display:none;\">Anuluj pisanie odpowiedzi<\/a><\/small><\/h3><form action=\"https:\/\/www.kreujlife.pl\/wp-comments-post.php\" method=\"post\" id=\"commentform\" class=\"comment-form\"><p class=\"comment-notes\"><span id=\"email-notes\">Tw\u00f3j adres e-mail nie zostanie opublikowany.<\/span> <span class=\"required-field-message\">Wymagane pola s\u0105 oznaczone <span class=\"required\">*<\/span><\/span><\/p><p class=\"comment-form-comment\"><label class=\"screen-reader-text\" for=\"comment\">Komentarz<\/label><textarea id=\"comment\" name=\"comment\" placeholder=\"Komentarz\" cols=\"45\" rows=\"8\" aria-required=\"true\" required><\/textarea><\/p><p class=\"comment-form-author\"><label class=\"screen-reader-text\" for=\"author\">Imi\u0119<span class=\"required\">*<\/span><\/label><input id=\"author\" name=\"author\" placeholder=\"Imi\u0119*\" type=\"text\" value=\"\" size=\"30\" aria-required='true' required \/><\/p>\n<p class=\"comment-form-email\"><label class=\"screen-reader-text\" for=\"email\">E-mail<span class=\"required\">*<\/span><\/label><input id=\"email\" name=\"email\" placeholder=\"Adres e-mail*\" type=\"text\" value=\"\" size=\"30\" aria-required='true' required \/><\/p>\n<p class=\"comment-form-url\"><label class=\"screen-reader-text\" for=\"url\">Witryna internetowa<\/label><input id=\"url\" name=\"url\" placeholder=\"Witryna internetowa\" type=\"text\" value=\"\" size=\"30\" \/><\/p>\n<p class=\"comment-form-cookies-consent\"><input id=\"wp-comment-cookies-consent\" name=\"wp-comment-cookies-consent\" type=\"checkbox\" value=\"yes\" \/> <label for=\"wp-comment-cookies-consent\">Zapami\u0119taj moje dane w tej przegl\u0105darce podczas pisania kolejnych komentarzy.<\/label><\/p>\n<p class=\"form-submit\"><input name=\"submit\" type=\"submit\" id=\"submit\" class=\"submit\" value=\"Komentarz wpisu\" \/> <input type='hidden' name='comment_post_ID' value='873' id='comment_post_ID' \/>\n<input type='hidden' name='comment_parent' id='comment_parent' value='0' \/>\n<\/p><\/form>\t<\/div><!-- #respond -->\n\t","protected":false},"excerpt":{"rendered":"<p>Dzi\u0119kuj\u0119, \u017ce mog\u0142am dla Ciebie stworzy\u0107 Tw\u00f3j Unikatowy zestaw Figurek do pracy z lud\u017ami w Ustawieniach Hellingerowskich. Dla mnie to bardzo wyj\u0105tkowy czas. B\u0119dzie mi ogromnie mi\u0142o, jak zostawisz komentarz, jak si\u0119 Tobie i Twoim klientom na nich pracuje. Jakie s\u0105? Co dla Ciebie znacz\u0105? Jak z Tob\u0105 wsp\u00f3\u0142pracuj\u0105? Dzi\u0119kuj\u0119&lt;3<\/p>\n","protected":false},"author":1,"featured_media":0,"parent":0,"menu_order":0,"comment_status":"open","ping_status":"closed","template":"","meta":{"footnotes":""},"class_list":["post-873","page","type-page","status-publish","hentry"],"_links":{"self":[{"href":"https:\/\/www.kreujlife.pl\/index.php\/wp-json\/wp\/v2\/pages\/873","targetHints":{"allow":["GET"]}}],"collection":[{"href":"https:\/\/www.kreujlife.pl\/index.php\/wp-json\/wp\/v2\/pages"}],"about":[{"href":"https:\/\/www.kreujlife.pl\/index.php\/wp-json\/wp\/v2\/types\/page"}],"author":[{"embeddable":true,"href":"https:\/\/www.kreujlife.pl\/index.php\/wp-json\/wp\/v2\/users\/1"}],"replies":[{"embeddable":true,"href":"https:\/\/www.kreujlife.pl\/index.php\/wp-json\/wp\/v2\/comments?post=873"}],"version-history":[{"count":2,"href":"https:\/\/www.kreujlife.pl\/index.php\/wp-json\/wp\/v2\/pages\/873\/revisions"}],"predecessor-version":[{"id":877,"href":"https:\/\/www.kreujlife.pl\/index.php\/wp-json\/wp\/v2\/pages\/873\/revisions\/877"}],"wp:attachment":[{"href":"https:\/\/www.kreujlife.pl\/index.php\/wp-json\/wp\/v2\/media?parent=873"}],"curies":[{"name":"wp","href":"https:\/\/api.w.org\/{rel}","templated":true}]}}